{"id":61,"date":"2015-11-28T12:59:20","date_gmt":"2015-11-28T12:59:20","guid":{"rendered":"http:\/\/epicentre.be\/wordpress\/?page_id=61"},"modified":"2025-02-28T20:47:41","modified_gmt":"2025-02-28T20:47:41","slug":"services-et-produits","status":"publish","type":"page","link":"https:\/\/epicentre.be\/?page_id=61","title":{"rendered":"Services et produits"},"content":{"rendered":"\n<p>Nous sommes sp\u00e9cialis\u00e9es dans la coiffure dames, enfants et hommes.<\/p>\n\n\n\n<p>Vous trouverez ci-dessous l&rsquo;information relative \u00e0 nos services de coiffure. Nous nous tenons \u00e0 votre disposition pour r\u00e9pondre au mieux \u00e0 vos attentes .<\/p>\n\n\n\n<p>Voici le tarif de nos services. Le shampooing est compris.<br>Le temps n\u00e9cessaire est donn\u00e9 par service et doit \u00eatre cumul\u00e9.<\/p>\n\n\n\n<div class=\"wp-block-group\"><div class=\"wp-block-group__inner-container is-layout-constrained wp-block-group-is-layout-constrained\">\n<figure class=\"wp-block-table\"><table class=\"has-fixed-layout\"><tbody><tr><td>&nbsp;<\/td><th>Service<\/th><th>Prix (\u20ac)<\/th><th>Temps n\u00e9cessaire<\/th><th>Description<\/th><\/tr><tr><th rowspan=\"13\">&nbsp;<\/th><td>Mise en plis<\/td><td>16<\/td><td>1 heure<\/td><td>Rouleaux, s\u00e9chage sous casque<\/td><\/tr><tr><td>S\u00e9chage naturel<\/td><td>10<\/td><td>15 minutes<\/td><td>S\u00e8che-cheveux, aux doigts, \u00e0 la brosse plate ou au diffuseur<\/td><\/tr><tr><td>Brushing cheveux courts<\/td><td>18<\/td><td>20 \u00e0 30 minutes<\/td><td>S\u00e8che- cheveux, brosse ronde<\/td><\/tr><tr><td>Brushing cheveux longs<\/td><td>23<\/td><td>30 \u00e0 60 minutes<\/td><td>S\u00e8che -cheveux, brosse ronde<\/td><\/tr><tr><td>Fixant<\/td><td>3,5<\/td><td>&nbsp;<\/td><td>Fixe la coiffure avant brushing ou mise en plis<\/td><\/tr><tr><td>Soin<\/td><td>4.5<\/td><td>&nbsp;<\/td><td>Soin adapt\u00e9 au type de chevelure<\/td><\/tr><tr><td>Coup de peigne<\/td><td>7<\/td><td>1 \u00e0 5 minutes<\/td><td>R\u00e9alis\u00e9 sur cheveux secs<\/td><\/tr><tr><td>Soin botox court<\/td><td>14<\/td><td>20 minutes<\/td><td>Soin profond reconstructeur<\/td><\/tr><tr><td>Soin botox mi-long<\/td><td>25<\/td><td>25 minutes<\/td><td>Soin profond reconstructeur<\/td><\/tr><tr><td>Soin botox long<\/td><td>30<\/td><td>30 minutes<\/td><td>Soin profond reconstructeur<\/td><\/tr><tr><td>Tresse africaine<\/td><td>15<\/td><td>15 minutes<\/td><td>&nbsp;<\/td><\/tr><tr><td>Tresse africaine + shampooing<\/td><td>20<\/td><td>20 minutes<\/td><td>&nbsp;<\/td><\/tr><tr><td>Tresse africaine + shampooing + s\u00e9chage<\/td><td>29<\/td><td>30 minutes<\/td><td>&nbsp;<\/td><\/tr><tr><th rowspan=\"3\">Soutien de coiffure<\/th><td>Permanente<\/td><td>70<\/td><td>1h30 \u00e0 2h15<\/td><td rowspan=\"3\">Soutien de coiffure permanent : enroulage bigoudis, pose, rin\u00e7age, soin, coiffage. Coupe comprise. Le soin Nutriker est un ajout pour prot\u00e9ger les cheveux fragilis\u00e9s.<\/td><\/tr><tr><td>Demi-permanente<\/td><td>60<\/td><td>1h15 \u00e0 1h45<\/td><\/tr><tr><td>Soin Nutriker<\/td><td>7<\/td><td>&nbsp;<\/td><\/tr><tr><th rowspan=\"13\">Coupes<\/th><td>Coupe<\/td><td>18<\/td><td>20 minutes<\/td><td>Aux ciseaux, au rasoir, effileur<\/td><\/tr><tr><td>Coupe + s\u00e9chage naturel<\/td><td>28<\/td><td>30 minutes<\/td><td>Aux ciseaux, au rasoir, effileur et s\u00e9chage naturel<\/td><\/tr><tr><td>Coupe tondeuse<\/td><td>10<\/td><td>10 \u00e0 15 minutes<\/td><td>Hauteur de coupe variable<\/td><\/tr><tr><td>Coupe mixte (tondeuse + ciseaux)<\/td><td>16<\/td><td>20 \u00e0 25 minutes<\/td><td>Nuque et c\u00f4t\u00e9s tondeuse, dessus de la chevelure au ciseaux<\/td><\/tr><tr><td>Coupe enfant 0-2 ans inclus<\/td><td>9<\/td><td>20 minutes<\/td><td rowspan=\"6\">Voir coupe + bonbon !<\/td><\/tr><tr><td>Coupe enfant 3-4 ans inclus<\/td><td>12<\/td><td>20 minutes<\/td><\/tr><tr><td>Coupe enfant 5-6 ans inclus<\/td><td>14<\/td><td>20 minutes<\/td><\/tr><tr><td>Coupe enfant 7-8 ans inclus<\/td><td>16<\/td><td>20 minutes<\/td><\/tr><tr><td>Coupe enfant 9-12 ans inclus<\/td><td>18<\/td><td>20 minutes<\/td><\/tr><tr><td>&nbsp;<\/td><td>&nbsp;<\/td><td>&nbsp;<\/td><\/tr><tr><td>Coupe frange<\/td><td>4<\/td><td>5 minutes<\/td><td>Sur cheveux secs, sans shampooing<\/td><\/tr><tr><td>Demi-coupe<\/td><td>9<\/td><td>10 minutes<\/td><td>Nuque + tour d&rsquo;oreille + frange + effilage<\/td><\/tr><tr><td>Retouche coupe<\/td><td>6<\/td><td>5 \u00e0 10 minutes<\/td><td>Nuque + tour d&rsquo;oreille OU tour d&rsquo;oreille + frange OU effilage OU &#8230;<\/td><\/tr><tr><th rowspan=\"14\">Colorations<\/th><td>Coloration d&rsquo;oxydation cheveux courts<\/td><td>28<\/td><td>50 minutes<\/td><td rowspan=\"2\">Coloration permanente couvrant 100% des cheveux blancs: application au pinceau<\/td><\/tr><tr><td>Coloration d&rsquo;oxydation cheveux mi&nbsp; longs \u00e0 longs<\/td><td>35<\/td><td>55 minutes<\/td><\/tr><tr><td>Suppl\u00e9ment repousse plus de 3 cm<\/td><td>7<\/td><td>&nbsp;<\/td><td>&nbsp;<\/td><\/tr><tr><td>Suppl\u00e9ment chevelure abondante n\u00e9cessitant plus 60ml de produit<\/td><td>7<\/td><td>&nbsp;<\/td><td>&nbsp;<\/td><\/tr><tr><td>M\u00e8ches dessus cheveux courts<\/td><td>17<\/td><td>15 minutes<\/td><td rowspan=\"3\">M\u00e8ches nombreuses sur le dessus de la chevelure (nuque et c\u00f4t\u00e9s non compris)<\/td><\/tr><tr><td>M\u00e8ches dessus cheveux mi-longs<\/td><td>28<\/td><td>20 minutes<\/td><\/tr><tr><td>M\u00e8ches dessus cheveux longs<\/td><td>34<\/td><td>20 minutes<\/td><\/tr><tr><td>M\u00e8ches totales cheveux courts<\/td><td>28<\/td><td>20 minutes<\/td><td rowspan=\"3\">M\u00e8ches nombreuses sur l&rsquo;ensemble de la chevelure<\/td><\/tr><tr><td>M\u00e8ches totales cheveux mi-longs<\/td><td>36<\/td><td>30 \u00e0 45 minutes<\/td><\/tr><tr><td>M\u00e8ches totales cheveux longs<\/td><td>45<\/td><td>45 minutes \u00e0 1 heure<\/td><\/tr><tr><td>Suppl\u00e9ment Doubles m\u00e8ches<\/td><td>6<\/td><td>5 minutes de plus<\/td><td>M\u00e8ches nombreuses de deux tons diff\u00e9rents<\/td><\/tr><tr><td>D\u00e9maquillage, pr\u00e9pigmentation ou coulage cheveux courts<\/td><td>10<\/td><td>Variable<\/td><td rowspan=\"3\">Lors d&rsquo;un changement de couleur, il est parfois n\u00e9cessaire d&rsquo;appliquer ces techniques pour atteindre la couleur souhait\u00e9e. Plus d&rsquo;information par t\u00e9l\u00e9phone.<\/td><\/tr><tr><td>D\u00e9maquillage, pr\u00e9pigmentation ou coulage cheveux mi-longs<\/td><td>14<\/td><td>Variable<\/td><\/tr><tr><td>D\u00e9maquillage, pr\u00e9pigmentation ou coulage cheveux longs<\/td><td>20<\/td><td>Variable<\/td><\/tr><tr><td>DECOLORATIONS<\/td><td>Cheveux courts, mi-longs, longs<\/td><td>28 \u00e0 70<\/td><td>Variable<\/td><td>N\u00e9cessite un devis<\/td><\/tr><tr><td>BOUCLAGE<\/td><td>Bouclage cheveux secs<\/td><td>32<\/td><td>30-45 minutes<\/td><td>Bouclage au fer<\/td><\/tr><tr><td><\/td><td>Bouclage avec shampooing et s\u00e9chage <\/td><td>42<\/td><td>45-60 minutes<\/td><td>Bouclage au fer<\/td><\/tr><\/tbody><\/table><\/figure>\n<\/div><\/div>\n\n\n\n<p><a name=\"services\"><\/a><\/p>\n","protected":false},"excerpt":{"rendered":"<p>Nous sommes sp\u00e9cialis\u00e9es dans la coiffure dames, enfants et hommes. Vous trouverez ci-dessous l&rsquo;information relative \u00e0 nos services de coiffure. Nous nous tenons \u00e0 votre disposition pour r\u00e9pondre au mieux \u00e0 vos attentes . Voici le tarif de nos services. Le shampooing est compris.Le temps n\u00e9cessaire est donn\u00e9 par service et doit \u00eatre cumul\u00e9. &nbsp; &hellip; <a href=\"https:\/\/epicentre.be\/?page_id=61\" class=\"more-link\">Continuer la lecture de <span class=\"screen-reader-text\">Services et produits<\/span>  <span class=\"meta-nav\">&rarr;<\/span><\/a><\/p>\n","protected":false},"author":1,"featured_media":0,"parent":0,"menu_order":30,"comment_status":"closed","ping_status":"closed","template":"","meta":{"footnotes":""},"class_list":["post-61","page","type-page","status-publish","hentry"],"_links":{"self":[{"href":"https:\/\/epicentre.be\/index.php?rest_route=\/wp\/v2\/pages\/61","targetHints":{"allow":["GET"]}}],"collection":[{"href":"https:\/\/epicentre.be\/index.php?rest_route=\/wp\/v2\/pages"}],"about":[{"href":"https:\/\/epicentre.be\/index.php?rest_route=\/wp\/v2\/types\/page"}],"author":[{"embeddable":true,"href":"https:\/\/epicentre.be\/index.php?rest_route=\/wp\/v2\/users\/1"}],"replies":[{"embeddable":true,"href":"https:\/\/epicentre.be\/index.php?rest_route=%2Fwp%2Fv2%2Fcomments&post=61"}],"version-history":[{"count":6,"href":"https:\/\/epicentre.be\/index.php?rest_route=\/wp\/v2\/pages\/61\/revisions"}],"predecessor-version":[{"id":206,"href":"https:\/\/epicentre.be\/index.php?rest_route=\/wp\/v2\/pages\/61\/revisions\/206"}],"wp:attachment":[{"href":"https:\/\/epicentre.be\/index.php?rest_route=%2Fwp%2Fv2%2Fmedia&parent=61"}],"curies":[{"name":"wp","href":"https:\/\/api.w.org\/{rel}","templated":true}]}}