{"id":54,"date":"2015-11-28T12:32:50","date_gmt":"2015-11-28T12:32:50","guid":{"rendered":"http:\/\/epicentre.be\/wordpress\/?page_id=54"},"modified":"2019-03-03T14:57:38","modified_gmt":"2019-03-03T14:57:38","slug":"localisation-et-itineraire","status":"publish","type":"page","link":"https:\/\/epicentre.be\/?page_id=54","title":{"rendered":"Localisation et Itin\u00e9raire"},"content":{"rendered":"<p>Le salon est situ\u00e9 \u00e0 l&rsquo;adresse suivante:<br \/>Chauss\u00e9e de Louvain 452, 5004 Bouge &#8211; Belgique<\/p>\n<p>Voir la localisation sur:<\/p>\n<ul>\n<li><a href=\"https:\/\/www.openstreetmap.org\/node\/1237482238\"> OpenStreetMap<\/a><\/li>\n<li><a href=\"https:\/\/www.google.be\/maps\/place\/Epi'centre+Coiffure+Bouge\/@50.4845108,4.8874436,16.75z\/data=!4m5!3m4!1s0x0:0x28472914d6b4d86c!8m2!3d50.4839776!4d4.8875642\">Google maps<\/a><\/li>\n<\/ul>\n<p>Pour obtenir le plan et calculer votre itin\u00e9raire, vous pouvez copier-coller cette adresse par exemple dans <a href=\"https:\/\/www.openstreetmap.org\/directions?engine=graphhopper_car&amp;route=%3B50.4839%2C4.8876#map=13\/50.4748\/4.8740\">Openstreetmap<\/a>, <a href=\"https:\/\/www.google.be\/maps\/dir\/\/Epi'centre+Coiffure+Bouge,+Ch\u00e9e+de+Louvain+452,+5004+Namur\/\">Google maps,<\/a> <a href=\"http:\/\/www.mappy.be\">Mappy.<\/a><\/p>\n<h2>En bus<\/h2>\n<p><a href=\"http:\/\/epicentre.be\/wp-content\/uploads\/2015\/11\/ArretBus.jpg\"><img loading=\"lazy\" decoding=\"async\" class=\"wp-image-103 alignleft\" src=\"http:\/\/epicentre.be\/wp-content\/uploads\/2015\/11\/ArretBus-182x300.jpg\" alt=\"ArretBus\" width=\"139\" height=\"223\" \/><\/a> Empruntez une des ligne TEC suivantes:<\/p>\n<ul>\n<li>27 Salzinnes (Balances) &#8211; Champion &#8211; Vedrin<\/li>\n<li>821 Namur &#8211; Eghezee<\/li>\n<li>816 Namur &#8211; Meefe<\/li>\n<\/ul>\n<p>Descendez \u00e0 l&rsquo;arr\u00eat \u00ab\u00a0BOUGE Bois de Bouge\u00a0\u00bb, \u00e0 proximit\u00e9 de la banque Dexia, de la pharmacie \u00ab\u00a0Pharma Bouge\u00a0\u00bb et du passage pour pi\u00e9tons.<\/p>\n<ul>\n<li>En venant de Namur, l&rsquo;arr\u00eat est situ\u00e9 un peu apr\u00e8s le salon. Revenez sur vos pas sur le m\u00eame trottoir (30 m\u00e8tres).<\/li>\n<li>En allant vers Namur, l&rsquo;arr\u00eat est juste en face du salon. Traversez au passage pour pi\u00e9tons un peu plus haut sur la chauss\u00e9e.<\/li>\n<\/ul>\n<p>Pour les horaires, consultez le <a href=\"http:\/\/www.infotec.be\/\">site du TEC<\/a>. Vous pouvez y obtenir les horaires\u00a0en mentionnant une ligne ou un arr\u00eat (<a href=\"http:\/\/www.infotec.be\/fr-be\/medeplacer\/horaires\/arret.aspx?arret=BOUGE+Bois+de+Bouge\">Bouge Bois de Bouge<\/a>) ou y calculer votre itin\u00e9raire.<\/p>\n<h2>En voiture<\/h2>\n<p>De Namur: depuis la gare, rejoignez le pont de Louvain via le rond point L\u00e9opold et quittez Namur par la\u00a0Chauss\u00e9e de Louvain (N91) en suivant les panneaux de l&rsquo;autoroute (direction Bruxelles et Luxembourg). Montez une forte c\u00f4te et, au feu de signalisation \u00e0 proximit\u00e9 du Delhaize, continuez tout droit. Passez\u00a0 la station service Esso (\u00e0 votre droite) et arr\u00eatez-vous cinq maisons apr\u00e8s la banque Dexia (\u00e0 votre droite). Un parking vous attend devant le salon.<\/p>\n<p>De l&rsquo;autoroute E411: sortez \u00e0 la sortie 13 (Champion) et prenez la N91 (Chauss\u00e9e de Louvain) en\u00a0direction de Namur. \u00a0Continuez tout droit au feu de signalisation (\u00e0 proximit\u00e9 du Brico). Passez la friterie Yumbo (\u00e0 votre droite) et continuez environ 200 m\u00e8tres jusqu&rsquo;au passage pour pi\u00e9tons. Le salon se trouve sur votre gauche, juste apr\u00e8s la pharmacie \u00ab\u00a0Pharma Bouge\u00a0\u00bb.\u00a0Un parking vous attend devant le salon.<\/p>\n<h2>A v\u00e9lo<\/h2>\n<p><a href=\"http:\/\/epicentre.be\/wp-content\/uploads\/2015\/11\/Velo-19.jpg\"><img loading=\"lazy\" decoding=\"async\" class=\"wp-image-104 alignleft\" src=\"http:\/\/epicentre.be\/wp-content\/uploads\/2015\/11\/Velo-19-300x296.jpg\" alt=\"Velo-19\" width=\"127\" height=\"125\" \/><\/a>En venant de Namur ou de Hannut: vous pouvez suivre un des itin\u00e9raires num\u00e9rot\u00e9s (panneaux et fl\u00e8ches vertes au sol). L\u2019itin\u00e9raire le plus proches est l&rsquo;itin\u00e9raire num\u00e9ro 19. Dans la Rue Sergent Delisse, prendre la perpendiculaire du m\u00eame nom qui vous ram\u00e8ne sur la Chauss\u00e9e de Louvain (en face de Pharma Bouge. <a href=\"http:\/\/epicentre.be\/wp-content\/uploads\/2015\/11\/RueSgtDelisse.jpg\"><img loading=\"lazy\" decoding=\"async\" class=\"wp-image-105 alignright\" src=\"http:\/\/epicentre.be\/wp-content\/uploads\/2015\/11\/RueSgtDelisse-300x200.jpg\" alt=\"RueSgtDelisse\" width=\"194\" height=\"129\" srcset=\"https:\/\/epicentre.be\/wp-content\/uploads\/2015\/11\/RueSgtDelisse-300x200.jpg 300w, https:\/\/epicentre.be\/wp-content\/uploads\/2015\/11\/RueSgtDelisse.jpg 500w\" sizes=\"auto, (max-width: 194px) 100vw, 194px\" \/><\/a><br \/>Par le <a href=\"http:\/\/ravel.wallonie.be\/\">R\u00e9seau\u00a0Ravel<\/a>: empruntez le <a href=\"http:\/\/ravel.wallonie.be\/opencms\/opencms\/fr\/parcours\/itineraires\/ravel_2\/\">Ravel 2 (Mariembourg-Hoogarden)<\/a>. Les sorties les plus proches sont la Ferme de Frizet et la Rue Fosses \u00e0 Plomb (Vedrin centre).<br \/>Vous pouvez aussi consulter les informations propos\u00e9es pas la <a href=\"http:\/\/www.maisondescyclistes.be\/itineraires-utiles\/namur\">Maison des Cyclistes<\/a> de Namur. Le service mobilit\u00e9 de la Ville de Namur donne aussi des <a href=\"https:\/\/www.namur.be\/fr\/ma-ville\/territoire\/mobilite\/deplacement\/velo\/\">conseils pour se d\u00e9placer \u00e0 v\u00e9lo<\/a> (y compris une carte des itin\u00e9raires cyclables).<\/p>\n<h2>Personnes \u00e0 mobilit\u00e9 r\u00e9duite<\/h2>\n<p>Notre salon est accessible sans grande difficult\u00e9 pour les personnes ayant des difficult\u00e9s \u00e0 se d\u00e9placer ou se d\u00e9pla\u00e7ant en fauteuil roulant. Il est situ\u00e9 au rez de chauss\u00e9e et en bordure de la route. Le parking est situ\u00e9 juste devant le salon. Une petite marche (5 cm) est \u00e0 franchir pour entrer dans le salon mais nous nous tenons \u00e0 votre disposition pour vous assister en cas de difficult\u00e9.<\/p>\n\n\n<p><\/p>\n","protected":false},"excerpt":{"rendered":"<p>Le salon est situ\u00e9 \u00e0 l&rsquo;adresse suivante:Chauss\u00e9e de Louvain 452, 5004 Bouge &#8211; Belgique Voir la localisation sur: OpenStreetMap Google maps Pour obtenir le plan et calculer votre itin\u00e9raire, vous pouvez copier-coller cette adresse par exemple dans Openstreetmap, Google maps, Mappy. En bus Empruntez une des ligne TEC suivantes: 27 Salzinnes (Balances) &#8211; Champion &#8211; &hellip; <a href=\"https:\/\/epicentre.be\/?page_id=54\" class=\"more-link\">Continuer la lecture de <span class=\"screen-reader-text\">Localisation et Itin\u00e9raire<\/span>  <span class=\"meta-nav\">&rarr;<\/span><\/a><\/p>\n","protected":false},"author":1,"featured_media":0,"parent":80,"menu_order":0,"comment_status":"closed","ping_status":"closed","template":"","meta":{"footnotes":""},"class_list":["post-54","page","type-page","status-publish","hentry"],"_links":{"self":[{"href":"https:\/\/epicentre.be\/index.php?rest_route=\/wp\/v2\/pages\/54","targetHints":{"allow":["GET"]}}],"collection":[{"href":"https:\/\/epicentre.be\/index.php?rest_route=\/wp\/v2\/pages"}],"about":[{"href":"https:\/\/epicentre.be\/index.php?rest_route=\/wp\/v2\/types\/page"}],"author":[{"embeddable":true,"href":"https:\/\/epicentre.be\/index.php?rest_route=\/wp\/v2\/users\/1"}],"replies":[{"embeddable":true,"href":"https:\/\/epicentre.be\/index.php?rest_route=%2Fwp%2Fv2%2Fcomments&post=54"}],"version-history":[{"count":13,"href":"https:\/\/epicentre.be\/index.php?rest_route=\/wp\/v2\/pages\/54\/revisions"}],"predecessor-version":[{"id":123,"href":"https:\/\/epicentre.be\/index.php?rest_route=\/wp\/v2\/pages\/54\/revisions\/123"}],"up":[{"embeddable":true,"href":"https:\/\/epicentre.be\/index.php?rest_route=\/wp\/v2\/pages\/80"}],"wp:attachment":[{"href":"https:\/\/epicentre.be\/index.php?rest_route=%2Fwp%2Fv2%2Fmedia&parent=54"}],"curies":[{"name":"wp","href":"https:\/\/api.w.org\/{rel}","templated":true}]}}