{"id":23,"date":"2015-10-24T09:49:09","date_gmt":"2015-10-24T09:49:09","guid":{"rendered":"http:\/\/epicentre.be\/wordpress\/?page_id=23"},"modified":"2024-01-24T17:07:28","modified_gmt":"2024-01-24T17:07:28","slug":"test-2","status":"publish","type":"page","link":"http:\/\/epicentre.be\/?page_id=23","title":{"rendered":"Heures d&rsquo;ouverture"},"content":{"rendered":"<div id=\"horaire-table\">\n<p>Le salon est ouvert le mardi, jeudi et vendredi de 8h30 \u00e0 18h, le mercredi de 8h30 \u00e0 16h et le samedi de 8h \u00e0 14h. Le salon est ferm\u00e9 les lundis et dimanches toute la journ\u00e9e.<\/p>\n<p>Attention: Nous vous recevons uniquement <a href=\"http:\/\/epicentre.be\/?page_id=25\">sur rendez-vous<\/a>.<\/p>\n<div id=\"horaire-table\">\n<table border=\"2\" cellspacing=\"2\" cellpadding=\"2\">\n<thead>\n<tr>\n<th style=\"text-align: center;\"><\/th>\n<th style=\"text-align: center;\">8:00 \u00e0 8:30<\/th>\n<th style=\"text-align: center;\">8:30 \u00e0 14:00<\/th>\n<th style=\"text-align: center;\">14:00 \u00e0 16:00<\/th>\n<th style=\"text-align: center;\">16:00 \u00e0 18:00<\/th>\n<\/tr>\n<\/thead>\n<tbody>\n<tr>\n<th align=\"center\">Lundi<\/th>\n<td style=\"text-align: center;\" colspan=\"4\" bgcolor=\"#F75D59\">Ferm\u00e9<\/td>\n<\/tr>\n<tr>\n<th align=\"center\">Mardi<\/th>\n<td style=\"text-align: center;\" bgcolor=\"#F75D59\">Ferm\u00e9<\/td>\n<td style=\"text-align: center;\" colspan=\"3\" bgcolor=\"#6CC417\">Ouvert<\/td>\n<\/tr>\n<tr>\n<th>Mercredi<\/th>\n<td style=\"text-align: center;\" bgcolor=\"#F75D59\">Ferm\u00e9<\/td>\n<td style=\"text-align: center;\" colspan=\"2\" bgcolor=\"#6CC417\">Ouvert<\/td>\n<td style=\"text-align: center;\" bgcolor=\"#F75D59\">Ferm\u00e9<\/td>\n<\/tr>\n<tr>\n<th>Jeudi<\/th>\n<td style=\"text-align: center;\" bgcolor=\"#F75D59\">Ferm\u00e9<\/td>\n<td style=\"text-align: center;\" colspan=\"3\" bgcolor=\"#6CC417\">Ouvert<\/td>\n<\/tr>\n<tr>\n<th>Vendredi<\/th>\n<td style=\"text-align: center;\" bgcolor=\"#F75D59\">Ferm\u00e9<\/td>\n<td style=\"text-align: center;\" colspan=\"3\" bgcolor=\"#6CC417\">Ouvert<\/td>\n<\/tr>\n<tr>\n<th>Samedi<\/th>\n<td style=\"text-align: center;\" colspan=\"2\" bgcolor=\"#6CC417\">Ouvert<\/td>\n<td style=\"text-align: center;\" colspan=\"2\" bgcolor=\"#F75D59\">Ferm\u00e9<\/td>\n<\/tr>\n<tr>\n<th>Dimanche<\/th>\n<td style=\"text-align: center;\" colspan=\"4\" bgcolor=\"#F75D59\">Ferm\u00e9<\/td>\n<\/tr>\n<\/tbody>\n<\/table>\n<\/div>\n<\/div>\n","protected":false},"excerpt":{"rendered":"<p>Le salon est ouvert le mardi, jeudi et vendredi de 8h30 \u00e0 18h, le mercredi de 8h30 \u00e0 16h et le samedi de 8h \u00e0 14h. Le salon est ferm\u00e9 les lundis et dimanches toute la journ\u00e9e. Attention: Nous vous recevons uniquement sur rendez-vous. 8:00 \u00e0 8:30 8:30 \u00e0 14:00 14:00 \u00e0 16:00 16:00 \u00e0 &hellip; <a href=\"http:\/\/epicentre.be\/?page_id=23\" class=\"more-link\">Continuer la lecture de <span class=\"screen-reader-text\">Heures d&rsquo;ouverture<\/span>  <span class=\"meta-nav\">&rarr;<\/span><\/a><\/p>\n","protected":false},"author":1,"featured_media":0,"parent":80,"menu_order":0,"comment_status":"closed","ping_status":"closed","template":"","meta":{"footnotes":""},"class_list":["post-23","page","type-page","status-publish","hentry"],"_links":{"self":[{"href":"http:\/\/epicentre.be\/index.php?rest_route=\/wp\/v2\/pages\/23","targetHints":{"allow":["GET"]}}],"collection":[{"href":"http:\/\/epicentre.be\/index.php?rest_route=\/wp\/v2\/pages"}],"about":[{"href":"http:\/\/epicentre.be\/index.php?rest_route=\/wp\/v2\/types\/page"}],"author":[{"embeddable":true,"href":"http:\/\/epicentre.be\/index.php?rest_route=\/wp\/v2\/users\/1"}],"replies":[{"embeddable":true,"href":"http:\/\/epicentre.be\/index.php?rest_route=%2Fwp%2Fv2%2Fcomments&post=23"}],"version-history":[{"count":23,"href":"http:\/\/epicentre.be\/index.php?rest_route=\/wp\/v2\/pages\/23\/revisions"}],"predecessor-version":[{"id":197,"href":"http:\/\/epicentre.be\/index.php?rest_route=\/wp\/v2\/pages\/23\/revisions\/197"}],"up":[{"embeddable":true,"href":"http:\/\/epicentre.be\/index.php?rest_route=\/wp\/v2\/pages\/80"}],"wp:attachment":[{"href":"http:\/\/epicentre.be\/index.php?rest_route=%2Fwp%2Fv2%2Fmedia&parent=23"}],"curies":[{"name":"wp","href":"https:\/\/api.w.org\/{rel}","templated":true}]}}